tor of 238 and 374.
34
Calculate the greatest common divisor of 10 and 1210.
10
What is the highest common divisor of 16 and 2264?
8
Calculate the highest common divisor of 96 and 60.
12
Calculate the highest common factor of 1241 and 2993.
73
What is the highest common factor of 667 and 145?
29
Calculate the highest common divisor of 20 and 190.
10
What is the highest common divisor of 48 and 416?
16
Calculate the highest common factor of 6300 and 216.
36
Calculate the greatest common factor of 5 and 135.
5
Calculate the greatest common factor of 2900 and 90.
10
Calculate the highest common factor of 3968 and 1152.
128
Calculate the greatest common divisor of 1241 and 34.
17
What is the greatest common factor of 297 and 22?
11
What is the greatest common divisor of 80 and 4880?
80
Calculate the greatest common factor of 19 and 57.
19
Calculate the greatest common divisor of 12 and 348.
12
Calculate the greatest common divisor of 14 and 6.
2
What is the highest common factor of 437 and 184?
23
Calculate the greatest common factor of 2450 and 49.
49
Calculate the greatest common factor of 408 and 1104.
24
What is the greatest common factor of 256 and 84?
4
Calculate the highest common factor of 2 and 97.
1
Calculate the highest common factor of 185 and 25234.
37
What is the highest common factor of 966 and 11914?
322
Calculate the highest common divisor of 299 and 39.
13
Calculate the highest common divisor of 32 and 80.
16
What is the highest common divisor of 147 and 87024?
147
What is the greatest common divisor of 10 and 165?
5
Calculate the greatest common divisor of 2576 and 4600.
184
Calculate the highest common divisor of 180 and 138.
6
Calculate the highest common factor of 66 and 42.
6
What is the highest common divisor of 40 and 2704?
8
What is the greatest common factor of 2024 and 253?
253
What is the greatest common divisor of 28 and 1316?
28
What is the greatest common factor of 322 and 140?
14
Calculate the greatest common factor of 4 and 4388.
4
What is the greatest common factor of 2346 and 46?
46
What is the highest common factor of 3102 and 66?
66
Calculate the highest common factor of 35 and 63.
7
What is the highest common divisor of 53822 and 68?
34
Calculate the highest common divisor of 170 and 190.
10
Calculate the highest common factor of 160 and 60.
20
What is the highest common factor of 18 and 582?
6
Calculate the greatest common divisor of 507 and 273.
39
What is the highest common divisor of 682 and 2232?
62
Calculate the highest common divisor of 2538 and 1170.
18
What is the highest common divisor of 112 and 4088?
56
Calculate the greatest common divisor of 117 and 767.
13
What is the highest common divisor of 2336 and 64?
32
Calculate the greatest common divisor of 22 and 20.
2
What is the greatest common divisor of 2196 and 24?
12
What is the greatest common factor of 5 and 295?
5
Calculate the greatest common factor of 1856 and 58.
58
Calculate the greatest common divisor of 210 and 21630.
210
Calculate the highest common factor of 9 and 99.
9
What is the greatest common divisor of 551 and 29?
29
What is the highest common divisor of 9 and 441?
9
Calculate the greatest common factor of 24 and 1000.
8
What is the highest common factor of 286 and 1056?
22
What is the greatest common divisor of 127 and 26289?
127
What is the greatest common divisor of 22 and 33?
11
What is the greatest common divisor of 156 and 13?
13
Calculate the greatest common divisor of 66 and 52514.
22
What is the highest common divisor of 51864 and 24?
24
Calculate the highest common factor of 180 and 290.
10
What is the greatest common factor of 190 and 285?
95
What is the greatest common divisor of 32 and 8?
8
Calculate the highest common factor of 8 and 324.
4
What is the greatest common factor of 26 and 14?
2
What is the greatest common divisor of 1247 and 87?
29
Calculate the highest common factor of 1500 and 1290.
30
Calculate the greatest common divisor of 156 and 36.
12
What is the greatest common divisor of 178 and 24?
2
What is the highest common divisor of 20 and 160?
20
Calculate the greatest common divisor of 28 and 4228.
28
What is the highest common factor of 3 and 9720?
3
What is the greatest common factor of 126 and 6?
6
Calculate the highest common factor of 300 and 156.
12
Calculate the greatest common factor of 11067 and 42.
21
Calculate the highest common divisor of 6 and 128.
2
What is the highest common divisor of 11 and 2827?
11
Calculate the highest common divisor of 230 and 138.
46
What is the greatest common factor of 7921 and 89?
89
What is the highest common divisor of 117924 and 31?
31
What is the highest common divisor of 78 and 832?
26
Calculate the highest common factor of 30 and 51165.
15
What is the highest common factor of 115 and 1633?
23
Calculate the highest common divisor of 52 and 10.
2
Calculate the greatest common divisor of 1419 and 66.
33
Calculate the highest common factor of 69 and 3680.
23
Calculate the greatest common divisor of 1357 and 23.
23
Calculate the highest common divisor of 366 and 2.
2
What is the greatest common factor of 33 and 123?
3
What is the highest common factor of 5 and 3235?
5
What is the greatest common divisor of 3553 and 323?
323
Calculate the highest common divisor of 1596 and 1463.
133
What is the highest common divisor of 116 and 928?
116
What is the highest common factor of 1292 and 152?
76
Calculate the greatest common divisor of 11037 and 156.
39
Calculate the highest common divisor of 1216 and 57.
19
Calculate the highest common factor of 39 and 832.
13
What is the highest common factor of 1 and 631?
1
What is the highest common divisor of 2278 and 10?
2
What is the greatest common factor of 3265 and 5?
5
What is the greatest common divisor of 456 and 3116?
76
What is the highest common factor of 47 and 2491?
47
What is the greatest common factor of 30 and 6?
6
What is the highest common factor of 11 and 781?
11
What is the highest common divisor of 406 and 14?
14
Calculate the greatest common divisor of 3429 and 81.
27
What is the highest common factor of 7623 and 231?
231
What is the highest common divisor of 770 and 630?
70
Calculate the greatest common divisor of 21837 and 29.
29
Calculate the highest common factor of 43 and 172.
43
What is the greatest common divisor of 28611 and 102?
51
Calculate the highest common factor of 1352 and 40.
8
Calculate the greatest common divisor of 255 and 221.
17
What is the highest common factor of 100 and 200?
100
What is the highest common factor of 70 and 1729?
7
Calculate the greatest common divisor of 361 and 21299.
361
What is the greatest common factor of 14 and 63?
7
Calculate the greatest common divisor of 2635 and 102.
17
Calculate the greatest common divisor of 315 and 140.
35
What is the greatest common factor of 850 and 2210?
170
What is the greatest common divisor of 7633 and 17?
17
Calculate the highest common divisor of 49 and 77.
7
Calculate the greatest common divisor of 102 and 1122.
102
What is the highest common divisor of 64 and 2528?
32
Calculate the highest common factor of 8 and 856.
8
Calculate the greatest common divisor of 231 and 63.
21
Calculate the highest common divisor of 2483 and 13.
13
What is the highest common factor of 96 and 60?
12
Calculate the greatest common divisor of 60 and 40.
20
What is the greatest common divisor of 1426 and 46?
46
What is the highest common factor of 48 and 132?
12
Calculate the greatest common divisor of 6 and 3.
3
What is the highest common divisor of 8843 and 239?
239
Calculate the greatest common factor of 12 and 50.
2
Calculate the greatest common factor of 216 and 24.
24
Calculate the highest common divisor of 7 and 6685.
7
What is the greatest common divisor of 92 and 2116?
92
What is the highest common factor of 52 and 1118?
26
Calculate the greatest common divisor of 726 and 12.
6
Calculate the highest common factor of 39 and 5811.
39
Calculate the highest common factor of 948 and 12.
12
What is the highest common divisor of 86 and 4?
2
What is the greatest common divisor of 105 and 165?
15
What is the greatest common divisor of 49 and 2?
1
Calculate the highest common divisor of 2415 and 105.
105
What is the greatest common factor of 567 and